{"id":8,"date":"2018-03-21T15:40:25","date_gmt":"2018-03-21T14:40:25","guid":{"rendered":"http:\/\/www.rc-neulengbach.net\/?page_id=8"},"modified":"2025-02-10T18:24:40","modified_gmt":"2025-02-10T17:24:40","slug":"ueber-mich","status":"publish","type":"page","link":"https:\/\/www.rc-neulengbach.net\/?page_id=8","title":{"rendered":"INFO"},"content":{"rendered":"<p><span style=\"margin: 0px; color: #444444; font-family: 'Segoe UI',sans-serif; font-size: 10pt;\">Der RC-Neulengbach ist der Treffpunkt f\u00fcr radbegeisterte Sportler im Wienerwald. Wir organisieren regelm\u00e4\u00dfige Ausfahrten und Radveranstaltungen und bieten f\u00fcr alle Radler etwas (MTB, Rennrad, Crossrad).<\/span><\/p>\n<p>Mitgliedsbeitrag ab 2017: j\u00e4hrlich 40,&#8211; \/ 55,&#8211; Familienbeitrag (=Ehepartner oder Lebensgemeinschaft mit Sch\u00fcler\/Studenten ohne eigenes Einkommen)\/ 20,&#8211; Jugendliche bis 18 Jahre.<\/p>\n<p>IBAN: AT35 32667 00000779199 BIC:\u200b\u00a0RLNWATWWPRB<\/p>\n<p>Erlagschein SEPA hier klicken\u00a0<a href=\"https:\/\/rcnlgb-my.sharepoint.com\/:b:\/g\/personal\/vorstand_rc-neulengbach_net\/EXlLD_R_cEtBn9xH3mjaY88BW_RwpzbdyHHGDikgpjOeXA\" target=\"_blank\" rel=\"noopener\">RCNLGB-MB2025<\/a><\/p>\n<p>Zur Anmeldung beim RC-Neulengbach bitte um ein kurzes Anfragemail an vorstand@rc-neulengbach.net. Zahlschein (gilt bis auf Wiederruf)\u00a0<a href=\"https:\/\/rcnlgb-my.sharepoint.com\/:b:\/g\/personal\/vorstand_rc-neulengbach_net\/EXlLD_R_cEtBn9xH3mjaY88BW_RwpzbdyHHGDikgpjOeXA\" target=\"_blank\" rel=\"noopener\">HIER<\/a>\u00a0herunterladen. Hinweis: der Vorstand beh\u00e4lt sich die Zulassung zur Aufnahme von Mitgliedern vor. Aktuelle Statuten des RC-Neulengbach sind hier herunterzuladen <a href=\"https:\/\/www.rc-neulengbach.net\/wp-content\/uploads\/2018\/03\/STATUTEN_RADCLUB_NEULENGBACH_20080502.pdf\">STATUTEN_RADCLUB_NEULENGBACH_20080502<\/a>\u00a0\u00a0 . ZVR-Eintrag laut B\u200bMI 247712537<\/p>\n<p><strong>Vorteile f\u00fcr Mitglieder des RC-Neulengbach:<\/strong><\/p>\n<p>Den 10er Block f\u00fcr die gef\u00fchrten Kraft-Ausdauer Stunden gibt es f\u00fcr RC-Neulengbach Mitglieder um 20.- verbilligt.<\/p>\n<p>Powerbar-Bestellm\u00f6glichkeit mit ca 6 % Rabatt \u00fcber den Vorstand (Sammelbestellung, Produkte wie Powerbar etc.) \u00fcber pb-shop.at<\/p>\n<p>30 % Rabatt bei der Bestellung im HUMMER-NUTRITION-Online-Shop (siehe Link oben): Rabattcode auf Anfrage bei vorstand@rc-neulengbach.net<\/p>\n<p>Rennunterst\u00fctzung f\u00fcr Mitglieder: max. 150 Euro \/ Jahr Nenngelderr\u00fcckverg\u00fctung (H\u00f6he mit Vorbehalt). Bedingungen: Anmeldung unter Verein: RC-Neulengbach, Rennteilnahme mit aktuellen Trikot\/Hose; Ergebnismeldung innerhalb 1 Woche per Mail an vorstand@neulengbach.net (mit Nenngeldbest\u00e4tigung und Link zur Ergebnisliste); keine Nachnenngeb\u00fchren! Die Abrechnung erfolgt am Ende der Saison bis 31.12. des laufendes Jahres. Bei Inanspruchnahme der F\u00f6rderung stimmt der F\u00f6rderungsnehmer der Ver\u00f6ffentlichung der Daten und Fotos und unverschl\u00fcsselte Datenkommunikation zu. Lizenzverg\u00fctung am Ende des Jahres (Meldung bis 31.12 des laufenden Jahres) bei Teilnahme an mindestens 3 Lizenzrennen. Neu: Sponsoring f\u00fcr Jugendliche bis 23 Jahre: bei mindestens 10 Starts bei Rennen der Kategorie Lizenz oder Marathon-Cuprennen:\u00a0 bis zu 500,&#8211; f\u00fcr Radmaterial (Rechnungen m\u00fcssen vorhanden sein) + 150,&#8211; Startgelder &#8211; bitte um Kontaktaufnahme\u00a0 mit dem Vorstand. Der gef\u00f6rderte Betrag wird durch den Vorstand individuell beschlossen. Achtung: es besteht KEIN Anspruch auf Auszahlung der Rennunterst\u00fctzung &#8211; die H\u00f6he kann durch den Vorstand aufgrund Budgeteinschr\u00e4nkungen jederzeit ge\u00e4ndert werden. <span class=\"TextRun  BCX8 SCXO235867615\" lang=\"DE-AT\" xml:lang=\"DE-AT\" data-contrast=\"auto\"><span class=\"NormalTextRun  BCX8 SCXO235867615\">Sondervereinbarungen f\u00fcr Rennfahrer m\u00f6glich!<\/span><\/span><\/p>\n<p>5 % Rabatt bei der Firma Suspensionlab (<a href=\"http:\/\/www.supsensionlab.at\/\">www.suspensionlab.at\u200b<\/a>) f\u00fcr Gabel- und D\u00e4mpferservice<\/p>\n<p>Willkommenspackage f\u00fcr neue Mitglieder (Radfahrer): um 95,&#8211; 2 Trikots und 1 Hose<\/p>\n<p>Lizenzantr\u00e4ge ab 1.3.2024 \u00fcber\u00a0 das\u00a0 UCI-Portal der Cycling Austria (<a href=\"https:\/\/portal.cyclingaustria.at\" target=\"_blank\" rel=\"noopener\">hier klicken<\/a>). Hinweis: &#8222;noch keine UCI-ID&#8230;&#8220; unten w\u00e4hlen, bei Verein &#8222;RC Neulengbach&#8220; angeben.<\/p>\n<p>Hinweis: die Teilnahme an Veranstaltungen (Ausfahrten und andere Veranstaltungen)\u00a0 des RC-Neulengbach erfolgen AUF EIGENE GEFAHR &#8211; die Stra\u00dfenverkehrsordnung ist einzuhalten. Der RC-Neulengbach und der Guide \u00fcbernehmen KEINE Haftung.<\/p>\n<p>DSGVO: Der Radclub Neulengbach speichert die notwendigen Daten zu Verwaltung seiner Mitglieder. Bei Eintritt in den Verein werden Name, Adresse, Telefonnummer und Geburtsdatum zentral gespeichert. Der Zugriff auf diese Daten ist nur f\u00fcr Vorstandsmitglieder m\u00f6glich, wir geben KEINERLEI Daten an Dritte weiter. Auftragsverarbeiter f\u00fcr die Speicherung ist Microsoft (Office365 Business Cloud). Die an uns \u00fcbermittelnden Daten werden NICHT weiterbearbeitet, sondern dienen lediglich der Kommunikation mit den Mitgliedern. Verantwortlicher f\u00fcr die Datenverarbeitung ist Heinz Machherndl (vorstand@rc-neulengbach.net ). Auf Wunsch k\u00f6nnen \u00fcbermittelte Daten widerrufen werden (unter Einhaltung der gesetzlichen Aufbewahrungsfristen).<\/p>\n<p>Komplette Datenschutzerkl\u00e4rung: <a href=\"https:\/\/www.rc-neulengbach.net\/wp-content\/uploads\/2018\/05\/DATENSCHUTZERKL\u00c4RUNG-RADCLUB-NEULENGBACH-2018.pdf\">DATENSCHUTZERKL\u00c4RUNG RADCLUB NEULENGBACH 2018<\/a><\/p>\n","protected":false},"excerpt":{"rendered":"<p>Der RC-Neulengbach ist der Treffpunkt f\u00fcr radbegeisterte Sportler im Wienerwald. Wir organisieren regelm\u00e4\u00dfige Ausfahrten und Radveranstaltungen und bieten f\u00fcr alle Radler etwas (MTB, Rennrad, Crossrad). Mitgliedsbeitrag ab 2017: j\u00e4hrlich 40,&#8211;&#8230;<\/p>\n","protected":false},"author":1,"featured_media":5,"parent":0,"menu_order":0,"comment_status":"closed","ping_status":"closed","template":"","meta":{"_mc_calendar":[],"footnotes":""},"class_list":["post-8","page","type-page","status-publish","has-post-thumbnail","hentry"],"_links":{"self":[{"href":"https:\/\/www.rc-neulengbach.net\/index.php?rest_route=\/wp\/v2\/pages\/8","targetHints":{"allow":["GET"]}}],"collection":[{"href":"https:\/\/www.rc-neulengbach.net\/index.php?rest_route=\/wp\/v2\/pages"}],"about":[{"href":"https:\/\/www.rc-neulengbach.net\/index.php?rest_route=\/wp\/v2\/types\/page"}],"author":[{"embeddable":true,"href":"https:\/\/www.rc-neulengbach.net\/index.php?rest_route=\/wp\/v2\/users\/1"}],"replies":[{"embeddable":true,"href":"https:\/\/www.rc-neulengbach.net\/index.php?rest_route=%2Fwp%2Fv2%2Fcomments&post=8"}],"version-history":[{"count":34,"href":"https:\/\/www.rc-neulengbach.net\/index.php?rest_route=\/wp\/v2\/pages\/8\/revisions"}],"predecessor-version":[{"id":2851,"href":"https:\/\/www.rc-neulengbach.net\/index.php?rest_route=\/wp\/v2\/pages\/8\/revisions\/2851"}],"wp:featuredmedia":[{"embeddable":true,"href":"https:\/\/www.rc-neulengbach.net\/index.php?rest_route=\/wp\/v2\/media\/5"}],"wp:attachment":[{"href":"https:\/\/www.rc-neulengbach.net\/index.php?rest_route=%2Fwp%2Fv2%2Fmedia&parent=8"}],"curies":[{"name":"wp","href":"https:\/\/api.w.org\/{rel}","templated":true}]}}